d + 5*p + 15, 13 + 7 = 5*p. Suppose 4*s = d*s - 3*l - 498, s = -l + 174. Suppose 3*c = s + 4. List the prime factors of c.
2, 29
Suppose -8*x + 40 = 2*x. Suppose 0 = 4*r - 2*o + 20, 3*r - o = x*o - 29. What are the prime factors of 3 + r/(12/(-632))?
7, 23
Let j be ((-102)/(-8))/(10/40) + 4. Let h be (20/(-3))/(-2)*-3. Let p = h + j. What are the prime factors of p?
3, 5
Suppose l - 13 - 6 = 0. Let b(r) = -r**2 + r**3 - l - 15 + 43 + 77. What are the prime factors of b(0)?
2, 43
Let y(f) = -2*f**3 + 5*f + 4. Let h be y(-1). What are the prime factors of (3/6)/(h/458)?
229
Suppose i = 5*v + 3, -2*i + 3*i - 3*v - 1 = 0. Let j be 9/10 + (-2)/(-20). List the prime factors of i/1*j + 133.
131
Suppose 3341930 - 1535976 + 3431914 = 502*a. What are the prime factors of a?
2, 3, 37, 47
Let z = 34085 + -5336. What are the prime factors of z?
3, 7, 37
Suppose -3*q + 13851 = 5*w, 3*w = -q + 3360 + 4953. List the prime factors of w.
2, 3, 7, 11
Let j(a) = 286*a**2 + 3*a - 2. Let k be j(3). Let c(o) = -o**2 - 8*o + 215. Let t be c(-19). Suppose -t*v = -k + 907. What are the prime factors of v?
3, 31
Suppose -2*b = 2*b - 24. Let c be 6 - (-4 + 1 + b). Suppose -282 = -4*f + i + 16, f - c*i - 69 = 0. What are the prime factors of f?
3, 5
Let p(r) = 3*r**2 + 23*r + 71. Let j be p(-7). Let a(t) = -t**3 + 10*t**2 + 2*t - 14. Let w be a(10). Suppose -w*x - j = -9*x. List the prime factors of x.
19
Suppose -2*u + 4234 = -7124. List the prime factors of u.
3, 631
Suppose f = 4*f + 2*t - 385, 5*t - 504 = -4*f. Suppose 2*a + 4*b + 461 - f = 0, -2*b = -5*a - 885. Let p = a - -245. What are the prime factors of p?
2, 5, 7
Suppose -31 + 23 = -2*q. Suppose -q*j = -x - 3447, 4*j + x = 6*j - 1725. List the prime factors of j.
3, 7, 41
Let f(c) = 70*c**2 + 6*c + 15. Let r be f(-2). Suppose v - 488 = -2*o, r = 5*o - 2*v - 937. What are the prime factors of o?
2, 61
Suppose -4*s = -2*t - 9051 + 975, 0 = 3*t + 6. Suppose -2521 = -5*p - 3*d, -4*p + s = -0*d + 2*d. What are the prime factors of p?
2, 11, 23
List the prime factors of (-29*12)/(237/(-6478)).
2, 29, 41
Let h be 3 + (3 - (1 - -3)). Let l(v) = h + 1 + 0*v + 4*v + 2. List the prime factors of l(4).
3, 7
Let j(a) = -44 + 7 - 14 - 47 - 226*a + 154. List the prime factors of j(-2).
2, 127
Let y(z) = -z**3 - 40*z**2 - 96*z - 143. What are the prime factors of y(-39)?
2, 5, 13
Let d be (-4)/(-6) - 40/60. Suppose 2*v + d*v = 8. Suppose -o + 5*q + 73 = 0, -3*q - 167 = v*o - 459. What are the prime factors of o?
73
Let g = 9282 - 2587. List the prime factors of g.
5, 13, 103
What are the prime factors of 10/(-12) - (-90750188)/1464?
61987
Let d = 21 + 6. Suppose 4*f = d + 137. Suppose f*v = 43*v - 158. What are the prime factors of v?
79
Let t(m) = 208*m**2 + 607*m + 11. What are the prime factors of t(-10)?
14741
What are the prime factors of (-15 + 236)*(7305/35 - (-14)/49)?
11, 13, 17, 19
Suppose 0 = 10*k + 16622 - 52232. List the prime factors of k.
3, 1187
List the prime factors of (-8)/92 + 2282/322 + 20087.
2, 3, 17, 197
Suppose 51*k = 60*k - 750114. List the prime factors of k/66 - -3*(-8)/(-132).
3, 421
Suppose -160 = -0*p - p. Suppose -3*l = l + 4*c + p, 2*l + 5*c = -83. Let u = 75 + l. List the prime factors of u.
2, 3
Let b = 10378 - -7944. List the prime factors of b.
2, 9161
Let c(n) = 2*n**3 + n**2 - 3*n - 1. Let a be c(-2). Let x(k) = k**2 + 5*k - 15. Let d be x(a). What are the prime factors of -13 - -10 - (d - 43)?
41
Suppose -32*g = -211778 - 305982. What are the prime factors of g?
2, 5, 809
Suppose -50*s - 1575 = -55*s. Suppose 5*d = 4*q + 984 + 620, -d = 5*q - s. List the prime factors of d.
2, 5
Let w = 74249 + -40415. List the prime factors of w.
2, 3, 5639
Suppose 1205 + 315 = -5*w. Let r = w + 1169. List the prime factors of r.
5, 173
Suppose -2*g - 3*g + 8*g - 69018 = 0. What are the prime factors of g?
2, 11503
Suppose 49 = -3*i + 2*i + 3*s, 2*s + 136 = -3*i. Suppose 204*c + 60 = 216*c. Let u = c - i. List the prime factors of u.
3, 17
Let c(p) = 3273*p + 357. What are the prime factors of c(1)?
2, 3, 5, 11
Let a = 15 - 13. Suppose 0 = -n - 2*i, 3*i = -a*n + i. Suppose 5*f - 288 + 13 = n. What are the prime factors of f?
5, 11
Let y(w) be the first derivative of -1/4*w**4 + 2 - 3*w**2 - 4/3*w**3 + 5*w. What are the prime factors of y(-5)?
2, 3, 5
Let q be 14/4 - (198/(-36) + 4). Suppose -q*b + 9265 = f, -2*f + 1610 + 7660 = 5*b. List the prime factors of b.
2, 463
Let s(u) = u - 9. Let d be s(9). Suppose -10*y + d*y = 0. Suppose -63 = -4*z - z + 2*g, -z + 5*g + 31 = y. What are the prime factors of z?
11
Suppose 12*n + 0*n = 1740. List the prime factors of (1 - (-3814)/10) + (-58)/n.
2, 191
Let w = 6 + -3. Let u(m) = m**2 - 7*m - 18. Let l be u(10). Suppose 3*y - 76 = 4*f - 5*f, -l = -y + w*f. What are the prime factors of y?
2, 3
Let v be (-16 + 17)/((3 - -1)/40). Suppose 0 = -g - v*g + 3146. What are the prime factors of g?
2, 11, 13
Let p(n) = n - 10. Let v be p(14). Let a be 1/v - 36558/(-72). What are the prime factors of (-14)/(-10) + -1 - a/(-5)?
2, 3, 17
Suppose 2*r = 3*n + 67 - 468, n = -4*r + 157. Let d = 140 + n. What are the prime factors of d?
277
Suppose 4*u + 223280 = 4*c, -u = 5*c - 188613 - 90529. List the prime factors of c.
3, 6203
Let q(n) = -n**3 - 5*n**2 - 7*n - 22. Let r be q(-5). Suppose -r*l = -53*l + 7480. What are the prime factors of l?
11, 17
What are the prime factors of (28 - 22 - -96)*(-439)/(-3)?
2, 17, 439
Let l(z) = 13*z - 94. Let k be l(18). Let b = 161 + k. What are the prime factors of b?
7, 43
Let c be -113 + 112 + (-186)/(-4)*108. Suppose -5*q = -229 - c. List the prime factors of q.
2, 3, 5, 7
Let z(p) = -2*p + 23. Let r(m) = -m**3 - 2*m**2 + m - 5. Let f be r(-3). Let g(c) = -7*c**3 + 3*c**2 - 2*c. Let o be g(f). What are the prime factors of z(o)?
5, 7
Let d = 29282 - -14759. What are the prime factors of d?
44041
Let x(m) = 187*m**2 - 4*m - 17. Let p be x(-3). Suppose 5*c - p = -3*s + 4832, 5*c = 4*s + 6545. List the prime factors of c.
3, 5, 29
Let i = -9415 + 13807. List the prime factors of i.
2, 3, 61
Suppose -10*c = 13355 - 51205. List the prime factors of c.
5, 757
List the prime factors of ((-154)/35 - -4 - -2)*74100/8.
2, 3, 5, 13, 19
Suppose -10*l + 3672 = -4*l. Let j = l + 183. List the prime factors of j.
3, 5, 53
Let w = 271 - 269. Suppose -5*f + 1991 = d, -464 - 354 = -w*f + 5*d. List the prime factors of f.
3, 7, 19
Suppose -37*y - 1635920 = -81*y. List the prime factors of y.
2, 5, 11, 13
Let s = 15088 - 8185. List the prime factors of s.
3, 13, 59
Let u be ((-21)/14)/((-3)/(-6)). Let z(q) = -14*q**3 - 4*q**2 - 15*q + 2. List the prime factors of z(u).
389
Suppose -5*u + 94 - 24 = 0. Let y(i) = 2 + 2 - 2 + u*i. What are the prime factors of y(5)?
2, 3
Let k be 1/1*(-1 + 83). Let v(n) = 2*n**2 - 69*n + 193. Let m be v(31). Let r = k + m. What are the prime factors of r?
2, 29
Let k(p) = -p**2 - 6*p - 8. Let d be k(-4). Let q be (-1 - d) + (-61 - -1). Let r = -26 - q. What are the prime factors of r?
5, 7
Let w(j) = 11*j**3 - 10*j**2 + 12*j - 26. Let f be w(10). Suppose -f = -122*u + 108*u. What are the prime factors of u?
7, 103
Let j(p) = 14*p**3 - 5*p**2 + 4*p + 1. Let f be j(3). Let r = f - -169. What are the prime factors of r?
5, 103
Let o(y) = 20*y + 615. Let m be o(0). Suppose -12*z = 3*z - m. What are the prime factors of z?
41
Suppose 2*t - 32*t - 60 = 0. List the prime factors of -2 + t/((-1419)/(-285) - 5).
3, 31
Suppose 1791 = 10*a - 3939. Let g = a + -141. List the prime factors of g.
2, 3
Let v = 1041 - 689. Suppose -2*p + v = -u, -3*p + 180 = -5*u - 362. List the prime factors of p.
2, 3, 29
Suppose -3*c + 8 = c. Let k(o) = -o**c + 4 + 14*o - 7 - 3. What are the prime factors of k(4)?
2, 17
Let l(j) = 18*j - 11. Let p(k) = -18*k + 13. Let r(f) = -3*l(f) - 2*p(f). Let d(w) = -2*w. Let i be d(4). List the prime factors of r(i).
151
Let s(c) = -2*c**2 + 5*c + 26. Suppose 0 = -r + 2*r - 9. Let w be s(r). List the prime factors of (-14)/w - 258/(-13).
2, 5
Suppose 0 = -r, -s - r - 11 = -0*s. List the prime factors of (-5535)/s + 18/(-99).
503
List the prime factors of 40/285*(-6)/(-8) - (-482731)/19.
3, 941
What are the prime factors of ((6/4)/(114/(-33478)))/(4/(-88))?
11, 881
Suppose -17*k + 36509 = -77340. What are the prime